
True
Does 45 divide 1068071?
False
Is 768345804 a multiple of 34?
True
Is 371358956 a multiple of 7?
False
Is 1469 a factor of 76749374?
True
Is 13330987 a multiple of 338?
False
Is 13 a factor of 51570948?
True
Is 1542782756 a multiple of 274?
True
Is 30951776 a multiple of 2768?
True
Is 175 a factor of 8130325?
True
Is 610040 a multiple of 5?
True
Is 12126 a factor of 1324618823?
False
Is 680727446 a multiple of 2282?
True
Does 85 divide 9250210?
True
Is 69 a factor of 25784130?
False
Is 878 a factor of 11678278?
True
Does 1816 divide 9060024?
True
Does 166 divide 35050148?
False
Is 110093257 a multiple of 9298?
False
Is 790 a factor of 54587010?
False
Is 697694962 a multiple of 2707?
False
Is 210083784 a multiple of 2456?
True
Does 107 divide 44821022?
False
Does 1508 divide 18043220?
True
Is 33 a factor of 23741289?
True
Is 36087753 a multiple of 221?
True
Does 243 divide 39017295?
True
Is 54 a factor of 3094417?
False
Does 9 divide 64294?
False
Is 40204373 a multiple of 540?
False
Does 12 divide 1543263546?
False
Is 2905 a factor of 286142500?
True
Does 120 divide 50259757?
False
Is 7430665280 a multiple of 407?
False
Is 10 a factor of 25143760?
True
Is 268 a factor of 171071413?
False
Is 64184600 a multiple of 1448?
False
Is 184095671 a multiple of 1523?
True
Does 11 divide 315683379?
True
Is 63875179 a multiple of 97?
True
Does 337 divide 30009176?
True
Does 530 divide 3754520?
True
Is 1330849858 a multiple of 18?
False
Is 283 a factor of 451261329?
True
Does 126 divide 105571046?
False
Is 306 a factor of 120656106?
True
Is 12 a factor of 838608108?
True
Is 5 a factor of 20433450?
True
Is 126333580 a multiple of 5?
True
Does 27 divide 3724434?
True
Is 7 a factor of 120481200?
True
Is 13219157 a multiple of 170?
False
Is 333258128 a multiple of 1708?
True
Is 816 a factor of 11642717?
False
Is 157 a factor of 891792182?
False
Is 10962864 a multiple of 9?
True
Does 371 divide 118951504?
True
Is 181 a factor of 13610295?
True
Is 27 a factor of 1094641850?
False
Is 100 a factor of 61085400?
True
Is 451755694 a multiple of 13?
True
Is 11451520 a multiple of 160?
True
Is 94 a factor of 439599754?
False
Does 3015 divide 170742465?
True
Is 860021685 a multiple of 2309?
True
Is 56 a factor of 27765696?
True
Is 29355920 a multiple of 2475?
False
Is 1077 a factor of 985557315?
True
Is 1620 a factor of 57936060?
True
Does 9 divide 19978974?
True
Does 1033 divide 435356817?
True
Does 230 divide 96700280?
True
Does 4687 divide 370976810?
False
Is 148 a factor of 154485670?
False
Does 6 divide 15107737?
False
Does 1571 divide 12013437?
True
Does 851 divide 81843593?
False
Is 315 a factor of 1400861110?
False
Does 914 divide 199240118?
True
Does 5333 divide 468290730?
True
Is 119980994 a multiple of 23?
False
Does 83 divide 51982106?
False
Is 11608713 a multiple of 1473?
True
Is 507135710 a multiple of 126?
False
Is 82537800 a multiple of 92?
True
Is 223 a factor of 49094119?
True
Is 1128 a factor of 1759830024?
True
Does 28 divide 1632526619?
False
Is 128096218 a multiple of 1693?
False
Does 58 divide 174000058?
True
Does 858 divide 492133754?
False
Does 8 divide 2729119578?
False
Is 11 a factor of 18066029?
False
Does 2738 divide 379054236?
False
Does 86 divide 103506418?
True
Is 15879147 a multiple of 1061?
False
Does 297 divide 18865850?
False
Is 515 a factor of 57766005?
True
Does 50 divide 67805200?
True
Is 1283859616 a multiple of 416?
True
Does 125 divide 22246750?
True
Is 44 a factor of 8161692?
True
Does 315 divide 58399425?
True
Is 38 a factor of 78546638?
False
Does 96 divide 105134496?
True
Does 9 divide 131886544?
False
Does 6 divide 56605260?
True
Does 403 divide 67610907?
True
Is 104528648 a multiple of 68?
True
Does 5 divide 410549405?
True
Is 19173948 a multiple of 406?
False
Is 147004303 a multiple of 130?
False
Is 3396 a factor of 228175134?
False
Does 12 divide 699989625?
False
Does 8 divide 143158966?
False
Is 47240671 a multiple of 927?
False
Is 87567804 a multiple of 18?
True
Is 88 a factor of 343551536?
False
Is 190 a factor of 39677182?
False
Is 37 a factor of 18335128?
True
Does 59 divide 66582208?
True
Is 49 a factor of 117805550?
False
Is 6 a factor of 94253682?
True
Is 471 a factor of 2277037254?
True
Does 25 divide 39362700?
True
Is 681 a factor of 32418324?
True
Is 77 a factor of 11435732?
True
Does 12 divide 31852116?
True
Is 29830800 a multiple of 16?
True
Is 13 a factor of 3821265773?
True
Is 168 a factor of 421306368?
True
Is 25582455 a multiple of 183?
False
Is 284 a factor of 160956735?
False
Does 154 divide 48361236?
True
Is 1841 a factor of 56800373?
True
Does 50 divide 279103625?
False
Is 22 a factor of 207200774?
True
Does 1376 divide 1232223136?
True
Is 667 a factor of 938527029?
True
Does 1476 divide 1658109850?
False
Does 747 divide 466538977?
False
Is 277070836 a multiple of 273?
False
Is 176 a factor of 930001072?
True
Is 1719 a factor of 582887115?
True
Is 4 a factor of 132150957?
False
Is 893 a factor of 148366769?
False
Does 56 divide 285708976?
True
Is 2444627889 a multiple of 649?
True
Is 434639040 a multiple of 869?
True
Is 1075404615 a multiple of 10845?
False
Does 18 divide 141794341?
False
Is 124 a factor of 35555388?
True
Is 935 a factor of 463512967?
False
Is 66631290 a multiple of 1424?
False
Is 54863190 a multiple of 30?
True
Is 2775 a factor of 33920870?
False
Is 57 a factor of 118136546?
False
Does 105 divide 126558495?
True
Is 15 a factor of 149205369?
False
Is 890 a factor of 42946060?
True
Does 2423 divide 376083522?
True
Does 113 divide 20112751?
False
Does 23 divide 265724152?
True
Does 57 divide 11546899?
False
Does 35 divide 204804098?
False
Is 4305470 a multiple of 221?
False
Is 151678955 a multiple of 67?
True
Is 22 a factor of 35968828?
False
Does 8 divide 16419538?
False
Does 20 divide 17812160?
True
Is 247 a factor of 83787340?
True
Does 19 divide 8928168?
False
Is 197195052 a multiple of 444?
True
Is 171 a factor of 14050899?
True
Does 181 divide 10256546?
True
Is 250 a factor of 409971500?
True
Is 17576160 a multiple of 112?
True
Is 13455753 a multiple of 196?
False
Is 589692257 a multiple of 9?
False
Is 63 a factor of 256563925?
False
Is 223495974 a multiple of 221?
True
Is 410 a factor of 676467734?
False
Is 94061179 a multiple of 5883?
False
Is 42 a factor of 187193286?
True
Is 1070592668 a multiple of 127?
False
Is 261476989 a multiple of 5218?
False
Is 7537 a factor of 1673221537?
True
Is 5504169 a multiple of 35?
False
Is 92 a factor of 52134777?
False
Is 2720297085 a multiple of 1076?
False
Is 86 a factor of 488900291?
False
Is 10211804 a multiple of 461?
False
Is 69 a factor of 33944964?
True
Is 5 a factor of 659224070?
True
Does 4 divide 8380465?
False
Is 331845012 a multiple of 25?
False
Does 142 divide 297454500?
True
Does 29 divide 872488200?
True
Is 123530974 a multiple of 292?
False
Is 43101063 a multiple of 1512?
False
Is 48345088 a multiple of 37?
True
Is 347 a factor of 3868621108?
True
Is 2002 a factor of 34962928?
True
Is 80859276 a multiple of 459?
True
Is 212649388 a multiple of 14?
True
Is 1534851 a multiple of 5?
False
Is 442 a factor of 1322450256?
False
Does 6028 divide 2460718100?
False
Is 69 a factor of 2101993989?
True
Is 51497622 a multiple of 2326?
False
Does 1573 divide 1433003?
True
Is 282441364 a multiple of 174?
False
Does 15 divide 95599513?
False
Is 380 a factor of 38468540?
True
Is 446 a factor of 32381384?
True
Is 38779390 a multiple of 13?
True
Is 123566463 a multiple of 1626?
False
Is 9167774 a multiple of 14?
True
Is 288059760 a multiple of 684?
True
Is 156 a factor of 14894568?
True
Is 121683488 a multiple of 32?
True
Is 52638980 a multiple of 5?
True
Is 20 a factor of 641548257?
False
Does 1852 divide 35671372?
True
Does 2 divide 4910434?
True
Does 57 divide 19271415?
True
Is 302975465 a multiple of 65?
True
Does 1898 divide 56441015?
False
Does 603 divide 10448181?
True
Does 205 divide 291078231?
False
Does 3136 divide 943668067?
False
Is 25 a factor of 5862247?
False
Is 8042 a factor of 2042450866?
True
Is 80 a factor of 53873459?
False
Does 24 divide 1047179568?
True
Is 22506684 a multiple of 1264?
False
Is 15996141 a multiple of 7?
True
Is 52605390 a multiple of 1511?
False
Is 9188 a factor of 641309392?
False
Does 87 divide 5